*v + 2. What is p(2)?
10
Let n(w) = w**2 - 41*w + 433. What is n(21)?
13
Let s(q) = -26*q - 299. Give s(-11).
-13
Let s(f) = f**3 - 11*f**2 - 28*f - 28. Give s(13).
-54
Let b(u) = u**2 - 5*u + 1. Calculate b(3).
-5
Let s(a) = 91*a**2 + a. Give s(1).
92
Let n(c) = c**3 - 6*c**2 + 5*c - 2. Determine n(5).
-2
Let c(o) = -12*o + 62. Determine c(6).
-10
Let c(j) = 8*j - 13. Determine c(4).
19
Let g(z) = 2*z - 17. Calculate g(23).
29
Let l(y) = y**2 - 15*y + 30. Give l(12).
-6
Let s(p) = p**3 - 13*p**2 - 19*p + 71. Calculate s(14).
1
Let x(j) = -2*j**3 - 137*j**2 + 71*j + 119. Calculate x(-69).
-19
Let t(f) = 3*f**2 + 27*f - 3. Calculate t(-11).
63
Let h(p) = p + 4. What is h(2)?
6
Let g(d) = d**3 - 20*d**2 - 98*d + 57. Determine g(24).
9
Let u(t) = 7*t + 6. What is u(-3)?
-15
Let d(l) = 6*l**3 - l**2 + 2. What is d(1)?
7
Let o(p) = -2*p + 8. What is o(2)?
4
Let d(z) = 6*z**3 - 4*z**2 + 17*z - 14. What is d(1)?
5
Let o(g) = 5*g**2 - 2. Give o(-2).
18
Let k(m) = -2*m**2 - 2*m + 2. Give k(3).
-22
Let h(u) = u**3 - u**2 + 3*u - 3. Give h(2).
7
Let p(z) = -8*z**2 - z + 7. Calculate p(-3).
-62
Let s(c) = -c**3 - 26*c**2 - c - 29. What is s(-26)?
-3
Let f(g) = 4*g + 26. Determine f(-4).
10
Let j(r) = 2*r**2 - 27*r - 25. What is j(14)?
-11
Let c(x) = -x**2 - 8*x - 18. What is c(-9)?
-27
Let c(x) = -x**2 + 9*x - 12. Give c(7).
2
Let j(f) = -f**2 + 1. What is j(0)?
1
Let c(w) = w**2 + 11*w - 28. Calculate c(-14).
14
Let g(y) = y**3 + 4*y**2 - 4*y - 1. Give g(-5).
-6
Let q(h) = 2*h**2 + 6*h + 1. Give q(5).
81
Let v(p) = 2*p - 18. Determine v(13).
8
Let r(x) = -x**3 + 10*x**2 + 2*x - 8. What is r(10)?
12
Let q(d) = -4*d**3 - 4*d**2 + 2*d + 4. What is q(-3)?
70
Let t(f) = -4*f - 8. Give t(-4).
8
Let x(b) = b**2 - 20*b + 123. Determine x(13).
32
Let n(s) = -s**3 - 10*s**2 - 16*s - 14. Determine n(-8).
-14
Let z(j) = -j**3 + 5*j**2 - 4*j + 2. Give z(4).
2
Let t(m) = m**3 + 19*m**2 + 14*m - 20. Calculate t(-18).
52
Let r(k) = -2*k**2 - 6*k + 5. Calculate r(-4).
-3
Let y(x) = -x**2 - 11*x - 13. Determine y(-9).
5
Let b(g) = -2*g**3 - 10*g**2 - 6*g - 16. Determine b(-4).
-24
Let a(l) = -l**3 - 2*l**2 - 2*l. Determine a(-3).
15
Let p(o) = -o**3 + 13*o**2 + 12*o + 28. Determine p(14).
0
Let a(j) = -j**3 - 4*j**2 - 6*j - 4. Determine a(-4).
20
Let b(u) = -u**2 + u + 9. Give b(0).
9
Let q(w) = -w - 1. What is q(10)?
-11
Let r(k) = -k**3 - 4*k**2 + 2*k - 10. Give r(-5).
5
Let a(g) = 3*g**3 - 3*g**2 + 6*g + 6. Calculate a(-3).
-120
Let f(x) = -x**2 + 13*x - 4. Give f(4).
32
Let s(k) = -k**3 + 7*k**2 - 20*k + 110. Determine s(6).
26
Let i(m) = m - 4. Calculate i(4).
0
Let v(q) = -q - 7. Determine v(-3).
-4
Let k(q) = q**3 + 2*q**2 - 2. Determine k(-2).
-2
Let b(k) = -36*k + 18. Calculate b(-2).
90
Let l(q) = -10*q - 2. Determine l(1).
-12
Let a(l) = l**2 + 6*l + 1. Give a(-6).
1
Let s(o) = -3*o**2 - 10*o - 9. What is s(-3)?
-6
Let b(u) = -u**3 + 8*u**2 + 7*u + 4. Determine b(9).
-14
Let j(m) = m**3 - 9*m**2 + 8*m - 12. What is j(8)?
-12
Let g(p) = 3*p**2 - 16*p - 3. Determine g(8).
61
Let p(b) = -17*b**3 + 2*b**2 + 1. Give p(2).
-127
Let b(h) = 2*h + 38. What is b(-17)?
4
Let v(i) = -i**3 - 11*i**2 - 17*i + 5. What is v(-9)?
-4
Let y(w) = -w**2 - 8*w - 5. Calculate y(-8).
-5
Let k(u) = u + 35. What is k(-36)?
-1
Let b(l) = l**2 - 7*l + 1. Calculate b(7).
1
Let t(b) = -b**3 + 2*b**2 + b - 2. What is t(4)?
-30
Let j(u) = -u**3 - 12*u**2 + 13*u + 15. Give j(-13).
15
Let n(c) = c + 12. Calculate n(-21).
-9
Let d(h) = -h**3 + 19*h**2 + 21*h - 14. Calculate d(20).
6
Let n(r) = 4*r - 5. Calculate n(3).
7
Let i(b) = -12*b + 116. Give i(10).
-4
Let z(u) = -6*u - 83. Calculate z(-17).
19
Let k(u) = -u**2 - 9*u - 3. Give k(-10).
-13
Let t(a) = a**3 + 13*a**2 - 37*a - 36. What is t(-15)?
69
Let k(x) = -x**2 + 3*x + 6. What is k(-3)?
-12
Let l(f) = -24*f**2 + 4*f + 5. Give l(-1).
-23
Let u(c) = 12*c + 2. Calculate u(-1).
-10
Let n(l) = 3*l + 4. Determine n(-5).
-11
Let f(s) = s**3 - 5*s**2 + 4*s + 2. Calculate f(5).
22
Let v(f) = -3*f + 137. Give v(38).
23
Let i(n) = -113*n**3 - 2*n - 1. Give i(-1).
114
Let a(g) = 4*g**3 + 5*g**2 + 10*g + 11. Calculate a(-2).
-21
Let d(f) = 43*f**3 - f**2 + 1. What is d(-1)?
-43
Let k(j) = -31*j**2 - 94*j - 2. Give k(-3).
1
Let v(i) = -i**2 + 11*i + 14. Give v(12).
2
Let r(i) = -i**2 + 4*i + 1. Calculate r(2).
5
Let z(u) = u + 8. Calculate z(5).
13
Let c(h) = h**3 + 5*h**2 + 3*h + 6. What is c(-5)?
-9
Let i(b) = b**3 - 4*b**2 + 3*b - 10. Give i(4).
2
Let k(a) = 3*a - 51. Calculate k(0).
-51
Let t(c) = c**2 + 6*c + 9. Calculate t(-4).
1
Let x(q) = q**3 - 11*q**2 + 23*q - 9. Give x(4).
-29
Let p(s) = -5*s + 21. What is p(4)?
1
Let m(f) = -6*f + 12. Give m(10).
-48
Let b(r) = r**3 + 6*r**2 - 10*r - 26. Give b(-7).
-5
Let x(p) = 2*p**2 - 21*p + 8. What is x(11)?
19
Let p(i) = -i**3 - 38*i**2 - 103*i + 71. Determine p(-35).
1
Let a(x) = x**3 + 6*x**2 + 6*x - 5. Calculate a(-5).
-10
Let n(t) = -2*t**2 - 12*t - 11. Calculate n(-5).
-1
Let n(z) = 6*z. What is n(-2)?
-12
Let f(o) = o + 8. Give f(-6).
2
Let w(o) = -18*o + 563. Calculate w(31).
5
Let g(h) = 8*h + 9. What is g(-4)?
-23
Let o(d) = -d**2 + 30*d - 120. What is o(5)?
5
Let w(u) = u**2 - 54*u - 233. What is w(58)?
-1
Let x(l) = -4*l**2 - 3*l - 2. Give x(-2).
-12
Let g(j) = -j**2 - 5*j + 32. Give g(-9).
-4
Let a(j) = -137*j - 1511. Determine a(-11).
-4
Let z(w) = -w**3 - 44*w**2 + 46*w + 41. Give z(-45).
-4
Let z(v) = 3*v**2 + 3*v - 6. What is z(2)?
12
Let k(r) = 8*r**2 + r + 3. Determine k(-1).
10
Let r(z) = 2*z**2 + 50*z - 374. What is r(6)?
-2
Let y(o) = o + 3. Give y(3).
6
Let z(i) = -i**2 + 4*i + 8. Calculate z(7).
-13
Let l(s) = 3*s**3 - 2*s**2 - 4*s - 3. Calculate l(-2).
-27
Let c(d) = d**3 + 6*d**2 - 8*d + 2. Determine c(3).
59
Let v(w) = -w**3 + 52*w**2 + 52*w + 50. Give v(53).
-3
Let f(g) = -50*g + 3. What is f(-2)?
103
Let f(s) = -2*s**2 + 18*s + 12. What is f(10)?
-8
Let j(x) = -2*x - 41. Give j(-23).
5
Let x(h) = -8*h + 30. What is x(19)?
-122
Let k(g) = -g - 9. What is k(-6)?
-3
Let b(y) = y**2 + 25*y - 1498. What is b(28)?
-14
Let u(k) = -5*k + 30. Determine u(15).
-45
Let f(u) = -12*u - 2. Determine f(-4).
46
Let n(x) = 4*x + 86. What is n(-23)?
-6
Let q(l) = -l**3 - 12*l**2 - l - 12. Determine q(-12).
0
Let n(k) = 2*k**3 - 5*k**2 + 5*k - 4. What is n(3)?
20
Let m(y) = 13*y - 18. Give m(-9).
-135
Let l(k) = -2*k**2 - 6*k + 8. Determine l(2).
-12
Let z(x) = x**2 - 13*x - 1. Give z(-8).
167
Let q(d) = d**2 + 14*d + 34. Determine q(-12).
10
Let v(j) = j - 16. Give v(-7).
-23
Let s(w) = -4*w**2 + w + 1. Calculate s(-1).
-4
Let g(n) = 13*n**2 + 10*n - 1. Determine g(-1).
2
Let r(t) = -t**3 - t**2 + t - 36. Determine r(0).
-36
Let o(u) = 2*u**2 - 8*u - 8. Give o(8).
56
Let t(q) = q + 10. Determine t(-10).
0
Let o(d) = d + 1. Calculate o(-1).
0
Let p(d) = -d**3 + 14*d**2 - 9*d + 16. Calculate p(13).
68
Let r(h) = 2*h + 2. What is r(38)?
78
Let y(g) = 7*g - 48. Calculate y(6).
-6
Let y(s) = s**3 + 4*s**2 - 12*s + 6. Determine y(-6).
6
Let i(l) = -5*l - 189. Give i(-39).
6
Let n(f) = 14*f - 7. What is n(-3)?
-49
Let q(v) = -3*v + 7. Determine q(3).
-2
Let t(a) = 3*a**3 + a + 2. Determine t(2).
28
Let l(b) = -b**3 + 10*b**2 - 9*b + 23. Calculate l(8).
79
Let b(a) = -2*a - 4. Calculate b(5).
-14
Let b(s) = -s + 24. Calculate b(17).
7
Let x(n) = n + 3. What is x(-19)?
-16
Let l(g) = g**3 - 8*g**2 - 17*g - 28. Give l(10).
2
Let s(n) = 8*n - 6. Determine s(-8).
-70
Let n(m) = m**3 - 18*m**2 + m + 1. Calculate n(18).
19
Let y(x) = x**2 - 10*x + 13. What is y(7)?
-8
Let d(g) = g**3 + 18*g**2 + 18*g - 3. Determine d(-17).
-20
Let v(c) = -c**3 - c**2 - 3*c + 1. Determine v(0).
1
Let u(a) = -a + 17. Give u(6).
11
Let x(i) = -i**3 + 9*i**2 - 4*i + 6. Determine x(9).
-30
Let w(g) = 7*g. Give w(-1).
-7
Let y(x) = -x**2 - x - 5. What is y(-3)?
-11
Let c(j) = -j**3 + 22*j**2 - 24*j + 30. What is c(21)?
-33
Let s(a) = -a**2 - 3*a + 11. Determine s(3).
-7
Let i(a) = a**3 + 34*a**2 - 37*a - 75. Determine i(-35).
-5
Let x(a) = a**3 + 10*a**2 + 15*a - 26. Calculate x(-8).
-18
Let i(g) = g + 2. Calculate i(-10).
-8
Let q(r) = r**2 - 4*r + 1. Give q(6).
13
Let p(q) = q**3 - 5*q**2 + q + 8. What is p(4)?
-4
Let s(t) = t**3 - 4*t**2 - 4*t. What is s(4)?
-16
Let a(f) = -2*f + 3. Determine a(7).
-11
Let x(f) = 82*f +